Let a be -4 + 1 + (-14)/(-2). Let n = 4 - a. Suppose -g + 3*q + 24 = n, 0 = 3*g + 2*q + 2*q - 137. Calculate the remainder when g is divided by 10.
9
What is the remainder when (-1347)/(-12) + (-186)/(-248) is divided by 58?
55
Suppose -3*m = -2*m - 14. Suppose 12 = -4*a + a, -s + a = -m. What is the remainder when 29 is divided by s?
9
Let k(o) = o**3 - 11*o**2 - 2*o + 43. What is the remainder when 61 is divided by k(11)?
19
What is the remainder when 105 is divided by 552/16 - (-6)/4?
33
Suppose -92*p - 114 = -98*p. What is the remainder when 70 is divided by p?
13
Let d(q) = 2*q**2 - 10*q - 1. What is the remainder when 348 is divided by d(-2)?
24
Let a = -116 + 196. What is the remainder when 316 is divided by a?
76
Let f(q) = 18*q**2 + 4*q + 5. Suppose 9*p - 301 = -76. Calculate the remainder when f(-2) is divided by p.
19
Suppose -4*y + 39 = -85. Let c(k) = -55*k - 148. Calculate the remainder when y is divided by c(-3).
14
Let j(a) = 4 + 1 - 3 + 3*a + 3*a. Calculate the remainder when 129 is divided by j(4).
25
Suppose -147*m + 5*f - 322 = -150*m, 0 = -2*f + 10. Calculate the remainder when 395 is divided by m.
98
Let g(l) = -l - 18. Calculate the remainder when 49 is divided by g(-32).
7
What is the remainder when (-1524)/(-9) - (-16)/24 is divided by 44?
38
Let b be 57 + 1 + -1 + -4. Let h = 153 - b. Calculate the remainder when h is divided by 34.
32
Suppose f - 5*f + 156 = 0. Calculate the remainder when 111/(15/(-2) - -9) is divided by f.
35
Let f(l) = -20*l + 179. What is the remainder when f(3) is divided by 54?
11
Let r = 22 - 19. Suppose -2*z = -r*z + 162. Suppose 0 = -5*n - 57 + z. Calculate the remainder when 83 is divided by n.
20
Let q be -5 + (-81)/(-15) - 696/(-10). Suppose -5*b + 10 + q = 2*w, 2*w - 52 = -3*b. Calculate the remainder when 52 is divided by b.
10
Suppose 0 = 6*f - 7*f - 5*d + 133, 5*d = -5*f + 765. What is the remainder when f is divided by 8?
6
Let j = 963 + 361. Calculate the remainder when j is divided by 26.
24
Let q(s) = -59*s**3 - 5 + 8*s**2 + 58*s**3 - 2*s**2 + s. Let d be q(6). Suppose 3*z - d - 14 = 0. What is the remainder when z is divided by 2?
1
Let z = 294 - 281. What is the remainder when (-6)/15 + (-384)/(-10) is divided by z?
12
Let s(g) = 4*g**2 + 3*g + 1. Let q be s(3). Let m = 245 - 240. Let f = q + m. Calculate the remainder when f is divided by 13.
12
Let c = 0 + -3. Let l(g) be the second derivative of -g**5/10 - 5*g**4/12 - 5*g**3/6 - 3*g**2/2 + 10*g. Calculate the remainder when 39 is divided by l(c).
18
Let p = 992 + -946. What is the remainder when p is divided by 14?
4
Let y = 24 + 4. Suppose 2*b - 60 = y. What is the remainder when 131 is divided by b?
43
Calculate the remainder when ((-6925)/75)/(1/(-9)) is divided by 32.
31
Let c(r) = r**2 - 9*r. Let d(p) = -3*p - 11. What is the remainder when d(-10) is divided by c(10)?
9
Suppose 17 = h + b, 0*b - 2*b + 73 = 5*h. Suppose -20 = 2*o - 120. What is the remainder when o is divided by h?
11
Let y = -30 - -35. Suppose -1 = -r, -3*w + 5*r - y = -15. Suppose w*f - 3 - 187 = 0. What is the remainder when f is divided by 13?
12
Suppose -244*f - 800 = -284*f. Let h = -102 + 161. Calculate the remainder when h is divided by f.
19
Let j be (4/(4/(-3)) - -3)*-1. Let l(f) = f + 10. What is the remainder when 46 is divided by l(j)?
6
What is the remainder when (-2)/13 + -6 + 7050/26 is divided by 72?
49
Let f(a) = -a**3 - 2*a**2 - 4*a - 4. What is the remainder when 256 is divided by f(-4)?
36
Suppose -3 = 6*k + 3. Let n = 35 + k. What is the remainder when n is divided by 7?
6
Suppose -o = o + 4*d - 458, -2*d = -5*o + 1157. What is the remainder when o is divided by 60?
51
Suppose -21 = 4*p - 7*p. Let m(d) = -d**2 + 10*d + 3. What is the remainder when p is divided by m(10)?
1
Suppose -3*a - 8 = -x, -5*a = -3*x + 3 + 9. Calculate the remainder when 62 is divided by (x/3)/(9/(-432)).
14
Let q(z) = -2*z**3 - 4*z + 11. What is the remainder when 63 is divided by q(0)?
8
Let a = -811 + 1304. What is the remainder when a is divided by 8?
5
Calculate the remainder when 87 is divided by 3/(-1) + (1 - (-102)/3).
23
Let d = -645 - -915. Calculate the remainder when d is divided by 8.
6
Let c(l) = 2*l**2 - 13*l + 15. Let s(i) = 196*i**2 + 2*i. Calculate the remainder when s(-1) is divided by c(8).
38
Suppose 0*h = -3*y + h + 167, 3*y = -4*h + 142. What is the remainder when (y/12)/((-2)/(-156)) is divided by 59?
56
Calculate the remainder when 8 + 103 - 6/(48/(-40)) is divided by 9.
8
Let u(h) = h**2 - 3*h + 12. Calculate the remainder when u(-4) is divided by 0 - 1 - -1 - -22.
18
Let v = -70 + 131. Let n = v - 39. Calculate the remainder when 62 is divided by n.
18
Let q(b) = 20*b**2 - 3*b - 1. Let n = 1 - -3. Suppose -58 = -m - 2*m + 2*k, 72 = 4*m - n*k. What is the remainder when q(-2) is divided by m?
19
Let v(r) = r**3 + 31*r**2 - 60*r + 231. Calculate the remainder when 98 is divided by v(-33).
32
Suppose -q + 13 = -10. Suppose m - q = -8. Let z = 164 + -137. What is the remainder when z is divided by m?
12
Let y(g) = -25*g**3 + 3*g**2 - 5*g + 7. Let i be y(5). What is the remainder when 4/(-18) - i/117 is divided by -2 + 2 + (8 - -1)?
8
Let t = 10 + -14. Let y = 12 + t. What is the remainder when 30 + 0/(-3 + 4) is divided by y?
6
Calculate the remainder when 15 is divided by 4*(-4)/32 + 11/2.
0
Let k = 6 - 7. Let h be -1 - (-1)/(k/5). What is the remainder when 5 is divided by ((-24)/15)/(h/15)?
1
Let h(j) = 2*j**2 + 8*j + 2. Suppose g - 5*f = 19, -58 - 9 = -5*g - 3*f. What is the remainder when h(-6) is divided by g?
12
Suppose 2*n = 61 - 31. Let i = 184 + -44. Suppose 2*u = -3*u + i. What is the remainder when u is divided by n?
13
Let q(b) = -b**2 + 14*b - 40. What is the remainder when 37 is divided by q(6)?
5
Suppose 2*v + 9 = 5*v. Let p(f) = 3*f**3 - 4*f**3 + v*f**3 - 2. What is the remainder when 25 is divided by p(2)?
11
Suppose j = s - 2, -3*s - 11 = -6*s - 2*j. Suppose -p = s*t - 394, 5*t + 3*p - 656 = p. Calculate the remainder when t is divided by 45.
42
Let u be 213/((3 - 0)/6). Suppose v + u = 1413. What is the remainder when v/18 - (-4)/24 is divided by 19?
17
What is the remainder when 333 is divided by 7/(56/920) + -5?
3
Suppose a - 5*v = -16, -4*a = 3*v - 35 - 16. Let h(f) = 7*f + 4. Calculate the remainder when h(a) is divided by 1/(1 + 66/(-69)).
21
Let b(p) = -p - 15. Suppose 4*r - 2*h + h - 276 = 0, -5*r = 4*h - 366. Suppose -r = -5*s + 135. What is the remainder when s is divided by b(-26)?
8
Suppose -2*z + 20 = t - 6*t, 9 = z - 2*t. Suppose -2*a + 4*p = -54, 0 = z*a - 2*p - p - 128. Calculate the remainder when -13 - -84 - (-1)/1 is divided by a.
22
Suppose 0 = a - 5*w + 21, 5*a + 0*a + 5 = 5*w. What is the remainder when ((-27)/(-6) - a)*122 is divided by 13?
9
Suppose -2*o + 2871 = 9*o. Calculate the remainder when o is divided by 6.
3
Let s(p) = -4*p**3 + 1 + 4*p**2 + 0 + 5*p**3 + p + 3. Let h be s(-5). Let o = -13 - h. What is the remainder when o is divided by 7?
6
Suppose -13 = -t - 3*b, 2*t - 5*b + 24 = 4*t. What is the remainder when 35 is divided by t?
0
Suppose 0 = -5677*h + 5673*h + 576. Calculate the remainder when 1151 is divided by h.
143
What is the remainder when 35/10*((-246)/(-21) - 2) is divided by 21?
13
Suppose 0 = -4*x - 63 - 213. Let m be (x/46)/((-6)/28). Suppose a + 5*z + m = 0, 2*a - 9 = 4*z + 5. What is the remainder when 7 is divided by a?
1
Let i = 36 + -36. Suppose -2*o - 47 = -v, 4*v = -i*v + o + 195. Calculate the remainder when v is divided by 26.
23
Suppose 5*g = -120 - 160. Let p = g + 82. Let r = 125 - 74. What is the remainder when r is divided by p?
25
What is the remainder when 274 is divided by (-45)/18 + 34/4?
4
Let v(q) = 26*q + 5. Let i(o) = o + 5. Calculate the remainder when i(0) is divided by v(0).
0
Suppose 21 = -13*m + 112. What is the remainder when 56 is divided by m?
0
Let m = 20 + 3. Suppose -114 = -d - 27. Calculate the remainder when d is divided by m.
18
What is the remainder when (-5)/(-80) - (-1311)/16 is divided by 22?
16
Suppose -33 = -o - t, 0*t = -o + 3*t + 45. Calculate the remainder when 123 is divided by o.
15
Let u = -1227 + 1231. What is the remainder when 0 - (-3)/2*12 is divided by u?
2
Let l(z) = 57*z + 1. Let g be l(-1). Let p = 10 + -4. Calc